 are the prime factors of 2257?
37, 61
List the prime factors of 3607.
3607
List the prime factors of 151532.
2, 43, 881
What are the prime factors of 1657?
1657
List the prime factors of 100439.
47, 2137
List the prime factors of 16363.
16363
What are the prime factors of 368?
2, 23
List the prime factors of 2155.
5, 431
What are the prime factors of 2687?
2687
What are the prime factors of 7647?
3, 2549
List the prime factors of 24877.
24877
List the prime factors of 1563.
3, 521
List the prime factors of 2637.
3, 293
What are the prime factors of 11238?
2, 3, 1873
What are the prime factors of 24449?
23, 1063
List the prime factors of 1340.
2, 5, 67
What are the prime factors of 49673?
13, 3821
What are the prime factors of 58643?
13, 347
What are the prime factors of 97215?
3, 5, 6481
What are the prime factors of 10470?
2, 3, 5, 349
What are the prime factors of 5511?
3, 11, 167
List the prime factors of 20579.
13, 1583
List the prime factors of 857.
857
List the prime factors of 5802.
2, 3, 967
What are the prime factors of 542?
2, 271
List the prime factors of 106336.
2, 3323
What are the prime factors of 3457?
3457
List the prime factors of 1536.
2, 3
What are the prime factors of 947?
947
List the prime factors of 2425.
5, 97
What are the prime factors of 3259?
3259
What are the prime factors of 2760?
2, 3, 5, 23
What are the prime factors of 9251?
11, 29
What are the prime factors of 1107?
3, 41
List the prime factors of 520.
2, 5, 13
What are the prime factors of 122669?
241, 509
List the prime factors of 7305.
3, 5, 487
What are the prime factors of 578?
2, 17
List the prime factors of 1753.
1753
What are the prime factors of 38533?
11, 31, 113
List the prime factors of 7989.
3, 2663
What are the prime factors of 1205?
5, 241
What are the prime factors of 29562?
2, 3, 13, 379
List the prime factors of 237.
3, 79
What are the prime factors of 3430?
2, 5, 7
What are the prime factors of 19844?
2, 11, 41
What are the prime factors of 914?
2, 457
What are the prime factors of 584?
2, 73
What are the prime factors of 764?
2, 191
What are the prime factors of 10264?
2, 1283
What are the prime factors of 601?
601
What are the prime factors of 768?
2, 3
What are the prime factors of 3754?
2, 1877
List the prime factors of 502.
2, 251
What are the prime factors of 1947?
3, 11, 59
What are the prime factors of 14089?
73, 193
List the prime factors of 1155.
3, 5, 7, 11
What are the prime factors of 3564?
2, 3, 11
List the prime factors of 16895.
5, 31, 109
List the prime factors of 20963.
20963
List the prime factors of 4694.
2, 2347
List the prime factors of 4351.
19, 229
What are the prime factors of 21876?
2, 3, 1823
What are the prime factors of 8016?
2, 3, 167
What are the prime factors of 19929?
3, 7, 13, 73
What are the prime factors of 12389?
13, 953
What are the prime factors of 322?
2, 7, 23
What are the prime factors of 119747?
119747
List the prime factors of 3658.
2, 31, 59
What are the prime factors of 715?
5, 11, 13
What are the prime factors of 74004?
2, 3, 7, 881
What are the prime factors of 1043?
7, 149
List the prime factors of 1397.
11, 127
List the prime factors of 14559.
3, 23, 211
List the prime factors of 30175.
5, 17, 71
List the prime factors of 101289.
3, 19, 1777
List the prime factors of 12663.
3, 7, 67
What are the prime factors of 2435?
5, 487
What are the prime factors of 722?
2, 19
What are the prime factors of 12570?
2, 3, 5, 419
List the prime factors of 2290.
2, 5, 229
What are the prime factors of 27243?
3, 1009
List the prime factors of 13137.
3, 29, 151
What are the prime factors of 48811?
7, 19, 367
What are the prime factors of 25104?
2, 3, 523
List the prime factors of 5050.
2, 5, 101
What are the prime factors of 32604?
2, 3, 11, 13, 19
List the prime factors of 39762.
2, 3, 47
What are the prime factors of 642?
2, 3, 107
What are the prime factors of 37623?
3, 12541
List the prime factors of 54580.
2, 5, 2729
List the prime factors of 90588.
2, 3, 7549
What are the prime factors of 119791?
7, 109, 157
What are the prime factors of 680?
2, 5, 17
What are the prime factors of 112075?
5, 4483
List the prime factors of 3722.
2, 1861
What are the prime factors of 20104?
2, 7, 359
What are the prime factors of 2949?
3, 983
What are the prime factors of 8287?
8287
List the prime factors of 2349.
3, 29
List the prime factors of 74010.
2, 3, 5, 2467
List the prime factors of 5811.
3, 13, 149
List the prime factors of 126012.
2, 3, 10501
List the prime factors of 15895.
5, 11, 17
List the prime factors of 3654.
2, 3, 7, 29
What are the prime factors of 1137?
3, 379
What are the prime factors of 553?
7, 79
What are the prime factors of 7812?
2, 3, 7, 31
What are the prime factors of 1348?
2, 337
What are the prime factors of 2498?
2, 1249
List the prime factors of 1457.
31, 47
List the prime factors of 1612.
2, 13, 31
List the prime factors of 36868.
2, 13, 709
What are the prime factors of 3790?
2, 5, 379
What are the prime factors of 3155?
5, 631
What are the prime factors of 494?
2, 13, 19
List the prime factors of 1577.
19, 83
List the prime factors of 6506.
2, 3253
What are the prime factors of 38?
2, 19
List the prime factors of 6801.
3, 2267
What are the prime factors of 9527?
7, 1361
List the prime factors of 1012.
2, 11, 23
List the prime factors of 5723.
59, 97
What are the prime factors of 3334?
2, 1667
What are the prime factors of 5078?
2, 2539
List the prime factors of 797.
797
What are the prime factors of 71168?
2, 139
List the prime factors of 309.
3, 103
What are the prime factors of 2184?
2, 3, 7, 13
What are the prime factors of 443?
443
List the prime factors of 762.
2, 3, 127
What are the prime factors of 3655?
5, 17, 43
What are the prime factors of 451?
11, 41
List the prime factors of 9028.
2, 37, 61
List the prime factors of 554.
2, 277
List the prime factors of 650.
2, 5, 13
What are the prime factors of 7801?
29, 269
List the prime factors of 1910.
2, 5, 191
What are the prime factors of 16597?
7, 2371
What are the prime factors of 13795?
5, 31, 89
What are the prime factors of 1179?
3, 131
List the prime factors of 405.
3, 5
List the prime factors of 45351.
3, 5039
List the prime factors of 1519.
7, 31
What are the prime factors of 4476?
2, 3, 373
What are the prime factors of 1088?
2, 17
What are the prime factors of 26939?
11, 31, 79
What are the prime factors of 20974?
2, 10487
List the prime factors of 6364.
2, 37, 43
What are the prime factors of 9891?
3, 7, 157
What are the prime factors of 24927?
3, 7, 1187
List the prime factors of 3355.
5, 11, 61
List the prime factors of 8917.
37, 241
What are the prime factors of 989?
23, 43
List the prime factors of 2984.
2, 373
List the prime factors of 34715.
5, 53, 131
What are the prime factors of 84724?
2, 59, 359
What are the prime factors of 3609?
3, 401
What are the prime factors of 18538?
2, 13, 23, 31
What are the prime factors of 1863?
3, 23
List the prime factors of 923.
13, 71
List the prime factors of 690.
2, 3, 5, 23
What are the prime factors of 863?
863
What are the prime factors of 2936?
2, 367
What are the prime factors of 1804?
2, 11, 41
What are the prime factors of 17566?
2, 8783
List the prime factors of 58660.
2, 5, 7, 419
List the prime factors of 20371.
13, 1567
What are the prime factors of 85570?
2, 5, 43, 199
List the prime factors of 13716.
2, 3, 127
What are the prime factors of 8508?
2, 3, 709
What are the prime factors of 21624?
2, 3, 17, 53
List the prime factors of 10513.
10513
List the prime factors of 192.
2, 3
What are the prime factors of 25094?
2, 12547
What are the prime factors of 16277?
41, 397
List the prime factors of 1117.
1117
What are the prime factors of 893?
19, 47
What are the prime factors of 1287?
3, 11, 13
What are the prime factors of 28407?
3, 17, 557
List the prime factors of 140006.
2, 70003
What are the prime factors of 3311?
7, 11, 43
What are the prime factors of 5270?
2, 5, 17, 31
List the prime factors of 37442.
2, 97, 193
What are the prime factors of 414?
2, 3, 23
List the prime factors of 12504.
2, 3, 521
What are the prime factors of 691?
691
What are the prime factors of 1278?
2, 3, 71
List the prime factors of 1959.
3, 653
What are the prime factors of 67?
67
Lis